 a prime number?
True
Is 86483051 composite?
False
Is 4254869 prime?
True
Is 25507 a prime number?
False
Is 482533 a composite number?
True
Is 2448851 prime?
True
Is 97575909 prime?
False
Is 105893189 a composite number?
True
Is 44235709 a composite number?
True
Is 11149849 a prime number?
True
Is 5071597 a prime number?
True
Is 980059 prime?
False
Is 817883 a composite number?
True
Is 10561063 a composite number?
True
Is 6071297 a prime number?
True
Is 1955197 prime?
True
Is 11847049 a prime number?
True
Is 40929073 prime?
True
Is 52441217 a prime number?
True
Is 1082969 a composite number?
False
Is 40939523 prime?
False
Is 3303217 composite?
True
Is 4783169 a composite number?
False
Is 475543 prime?
False
Is 4421 a prime number?
True
Is 11349509 composite?
False
Is 551806201 a composite number?
False
Is 172021415 composite?
True
Is 86458363 prime?
True
Is 207923 a composite number?
False
Is 3302431 prime?
False
Is 5268001 composite?
False
Is 807071 composite?
False
Is 90812193 a prime number?
False
Is 11572499 a prime number?
False
Is 116394781 prime?
False
Is 29548693 a composite number?
False
Is 1186723 prime?
False
Is 13899923 composite?
True
Is 60443 prime?
True
Is 14553809 a composite number?
False
Is 105737329 composite?
False
Is 4809347 prime?
True
Is 91019447 a composite number?
False
Is 7818599 prime?
True
Is 786797 a composite number?
True
Is 17819233 a composite number?
False
Is 1683223 a composite number?
False
Is 203843 a prime number?
True
Is 32766049 composite?
False
Is 17337583 a composite number?
True
Is 18170967 a composite number?
True
Is 293311 a composite number?
False
Is 68512571 a prime number?
True
Is 39659 a composite number?
False
Is 3436399 prime?
True
Is 694179957 a composite number?
True
Is 2218787 prime?
False
Is 7731554 composite?
True
Is 415067 prime?
False
Is 12727073 a prime number?
False
Is 136730851 prime?
True
Is 5010797 a prime number?
False
Is 40729499 prime?
False
Is 12280321 prime?
False
Is 33426181 composite?
False
Is 34512079 prime?
False
Is 22496963 a prime number?
False
Is 2176609 composite?
False
Is 18292811 prime?
True
Is 350843 a composite number?
False
Is 3985099 composite?
False
Is 47894989 a composite number?
True
Is 23514329 prime?
True
Is 2841067 prime?
True
Is 1756903 composite?
False
Is 4763189 a prime number?
False
Is 11463437 a composite number?
False
Is 343151773 prime?
True
Is 187463321 a composite number?
False
Is 2782397 a prime number?
True
Is 90370849 a prime number?
False
Is 2399819 prime?
False
Is 22198117 a composite number?
False
Is 164881891 prime?
False
Is 60977823 prime?
False
Is 283027 composite?
False
Is 28595759 prime?
True
Is 32727637 prime?
True
Is 53269189 a prime number?
False
Is 9579919 a prime number?
True
Is 134165927 a prime number?
False
Is 3343957 a prime number?
True
Is 172370581 a prime number?
False
Is 5728603 a composite number?
True
Is 211930327 a prime number?
False
Is 10587677 composite?
False
Is 82535147 prime?
False
Is 29847901 a prime number?
True
Is 211632247 a composite number?
False
Is 8293121 a prime number?
True
Is 33751229 a composite number?
False
Is 974893 prime?
False
Is 3704813 composite?
True
Is 168997 prime?
False
Is 41569013 a composite number?
True
Is 847453 a composite number?
False
Is 2491259 a composite number?
False
Is 56525377 prime?
True
Is 11418437 a prime number?
True
Is 7476793 prime?
True
Is 11642507 prime?
True
Is 1977913 a prime number?
False
Is 1441306 prime?
False
Is 81989015 composite?
True
Is 1628519 composite?
True
Is 7894619 a composite number?
False
Is 1871491 a composite number?
False
Is 4850957 composite?
False
Is 27514427 a prime number?
True
Is 23976809 a prime number?
True
Is 6492103 a composite number?
False
Is 4384433 a composite number?
False
Is 122621693 a composite number?
True
Is 28995611 composite?
True
Is 4281247 a composite number?
True
Is 5505757 a composite number?
True
Is 607619 a composite number?
False
Is 356637745 composite?
True
Is 867080281 a prime number?
False
Is 111263 prime?
True
Is 120233543 composite?
False
Is 74797361 a composite number?
False
Is 5496809 a prime number?
True
Is 434666 prime?
False
Is 154361527 prime?
True
Is 81233 a composite number?
False
Is 56739845 a prime number?
False
Is 59435041 a prime number?
True
Is 2197241 prime?
True
Is 8382707 a composite number?
False
Is 599983 a composite number?
False
Is 18302399 prime?
True
Is 2171797 a prime number?
False
Is 7900037 composite?
True
Is 2742589 composite?
True
Is 2516473 a composite number?
False
Is 16762393 a composite number?
True
Is 8762339 a composite number?
True
Is 1843819 a prime number?
False
Is 18161233 composite?
True
Is 16014577 composite?
True
Is 20006257 a prime number?
False
Is 86927294 a prime number?
False
Is 924939091 prime?
True
Is 2749991 a prime number?
True
Is 34922289 a prime number?
False
Is 130306667 a composite number?
False
Is 9154927 a prime number?
True
Is 56211527 a composite number?
False
Is 10843153 a prime number?
True
Is 47035891 a prime number?
False
Is 30800449 prime?
True
Is 21093771 prime?
False
Is 142072169 a composite number?
False
Is 6203893 prime?
False
Is 991312045 a prime number?
False
Is 4193569 prime?
True
Is 1420789 a composite number?
False
Is 44333461 a prime number?
False
Is 2232673 a composite number?
False
Is 10911129 a prime number?
False
Is 5368007 prime?
False
Is 36552167 composite?
True
Is 5421271 prime?
False
Is 20053211 a composite number?
False
Is 7032313 prime?
True
Is 125774849 a composite number?
False
Is 548579 composite?
False
Is 5670773 a composite number?
True
Is 26789795 prime?
False
Is 6380497 a prime number?
True
Is 53666563 prime?
True
Is 63938327 a prime number?
False
Is 4644097 a prime number?
True
Is 51592403 prime?
True
Is 4295797 prime?
False
Is 34134371 prime?
False
Is 91942167 prime?
False
Is 38458523 composite?
False
Is 20153899 composite?
False
Is 6615853 a prime number?
True
Is 332393 prime?
True
Is 3910717 prime?
True
Is 133690558 composite?
True
Is 96591797 a prime number?
True
Is 806589997 a composite number?
False
Is 5267971 prime?
False
Is 14312167 composite?
True
Is 26030533 a composite number?
False
Is 8851197 composite?
True
Is 48413249 composite?
False
Is 17496091 prime?
True
Is 110272837 a prime number?
True
Is 1330599617 a composite number?
False
Is 7386901 a composite number?
False
Is 43114285 a prime number?
False
Is 5436163 composite?
False
Is 8018479 a prime number?
False
Is 1297591 a prime number?
False
Is 1813697 a prime number?
False
Is 31849141 prime?
True
Is 53387297 prime?
True
Is 124786313 a prime number?
False
Is 32777455 a composite number?
True
Is 2914331 a composite number?
True
Is 67688741 composite?
True
Is 255247819 a composite number?
False
Is 68434477 composite?
False
Is 13382483 a prime number?
False
Is 23342251 prime?
True
Is 8579003 a prime number?
True
Is 836449 a composite number?
False
Is 26427899 prime?
True
Is 4401773 a prime number?
False
Is 2312863 prime?
False
Is 1065061 a prime number?
False
Is 34754849 prime?
False
Is 324831865 a composite number?
True
Is 223161209 a composite number?
True
Is 149639 prime?
False
Is 1193939 a prime number?
True
Is 4730329 a prime number?
False
Is 1021327 composite?
False
Is 7153151 a composite number?
False
Is 42982201 prime?
True
Is 50008031 prime?
True
Is 21290237 a composite number?
True
Is 561443471 composite?
False
Is 8815061 a prime number?
False
Is 4519441 prime?
True
Is 26891 composite?
False
Is 1857761 a composite number?
False
Is 57217423 a prime number?
True
Is 50392877 prime?
False
Is 15733073 a prime number?
False
Is 6034417 prime?
False
Is 12638222 prime?
False
Is 865769 a composite number?
False
Is 4184171 prime?
False
Is 7925371 a prime number?
False
Is 42083989 prime?
False
Is 79723283 composite?
False
Is 293611763 a composite number?
False
Is 18915213 a composite number?
True
Is 125102171 prime?
True
Is 5828597 prime?
False
Is 19433279 a composite number?
False
Is 1109599 prime?
False
Is 1276351 prime?
True
Is 1136327 a prime number?
True
Is 237781351 composite?
True
Is 1430747 a composite number?
True
Is 1506653 a composite number?
False
Is 1954811 composite?
False
Is 421289149 prime?
False
Is 3316399 a composite number?
False
Is 843614906 prime?
F